{"id":1129,"date":"2015-11-26T08:06:12","date_gmt":"2015-11-26T08:06:12","guid":{"rendered":"http:\/\/s600511469.sito-web-online.it\/?page_id=1129"},"modified":"2020-11-20T19:40:12","modified_gmt":"2020-11-20T19:40:12","slug":"fuehrerscheinklassen-2","status":"publish","type":"page","link":"https:\/\/fahrschule-bruneck.it\/?page_id=1129&lang=de","title":{"rendered":"F\u00fchrerscheinkategorien"},"content":{"rendered":"<div class=\"wpb-content-wrapper\"><p>[vc_row css=&#8221;.vc_custom_1448959878536{padding-left: 10px !important;}&#8221;][vc_column width=&#8221;2\/3&#8243;][vc_tta_accordion style=&#8221;modern&#8221; color=&#8221;juicy-pink&#8221; spacing=&#8221;2&#8243; gap=&#8221;4&#8243; c_icon=&#8221;triangle&#8221; active_section=&#8221;1&#8243; no_fill=&#8221;true&#8221; collapsible_all=&#8221;true&#8221;][vc_tta_section i_icon_fontawesome=&#8221;fa fa-car&#8221; add_icon=&#8221;true&#8221; title=&#8221;Kategorien&#8221; tab_id=&#8221;1449752568028-c1f7aebe-dbe6&#8243;][\/vc_tta_section][vc_tta_section title=&#8221;AM Kleinkraftrad&#8221; tab_id=&#8221;kkr1&#8243;][orane_faqs][orane_single_faq title=&#8221;Mindestalter:&#8221;]14 Jahre[\/orane_single_faq][orane_single_faq title=&#8221;Berechtigt zum Lenken von:&#8221;]Kleinkraftr\u00e4der mit zwei oder drei R\u00e4dern mit bis zu 50 cc und 4 kW<br \/>\nund max. 45 km\/h. Vierr\u00e4drige Fahrzeuge mit Leergewicht<br \/>\nbis zu 350 kg, 50 cc, 4 kW und max. 45km\/h[\/orane_single_faq][orane_single_faq title=&#8221;Theoriekurse:&#8221;]Bruneck:<br \/>\nDienstag 13:30 bis 14:30 Uhr<br \/>\nDonnerstag 13:30 bis 14:30 Uhr<br \/>\nFreitag 18:00 bis 20:00 Uhr<br \/>\nSamstags 17:00 bis 19:00 Uhr<\/p>\n<p>Sand in Taufers:<br \/>\nMontags 17:30 bis 18:45 Uhr<br \/>\nund 18:45 bis 20:00 Uhr<br \/>\nMittwochs 17:30 bis 18:45 Uhr<br \/>\nund 18:45 bis 20:00 Uhr<br \/>\n[\/orane_single_faq][orane_single_faq title=&#8221;Fahrstunden:&#8221;]Jeden Tag, auch Samstags oder Sonntags m\u00f6glich![\/orane_single_faq][\/orane_faqs][\/vc_tta_section][vc_tta_section title=&#8221;A1 Motorrad&#8221; tab_id=&#8221;a1&#8243;][orane_faqs][orane_single_faq title=&#8221;Mindestalter:&#8221;]16 Jahre[\/orane_single_faq][orane_single_faq title=&#8221;Berechtigt zum Lenken von:&#8221;]Motorr\u00e4der bis 125 cc, 11 kW und 0,1 kW\/kg<\/p>\n<p>Dreir\u00e4drige Kraftfahrzeuge bis 15 kW<\/p>\n<p>Landwirtschaftliche Maschinen bis zu 2.500 kg Gesamtgewicht, bis 1,6 m Breite,<br \/>\nbis 4 m L\u00e4nge, 2,5 H\u00f6he und max 40 km\/h<\/p>\n<p>Keine automatische Umwandlung in A2<br \/>\noder A3<br \/>\n[\/orane_single_faq][orane_single_faq title=&#8221;Theoriekurse:&#8221;]Bruneck:<br \/>\nDienstag 13:30 bis 14:30 Uhr<br \/>\nDonnerstag 13:30 bis 14:30 Uhr<br \/>\nFreitag 18:00 bis 20:00 Uhr<br \/>\nSamstags 17:00 bis 19:00 Uhr<\/p>\n<p>Sand in Taufers:<br \/>\nMontags 17:30 bis 18:45 Uhr<br \/>\nund 18:45 bis 20:00 Uhr<br \/>\nMittwochs 17:30 bis 18:45 Uhr<br \/>\nund 18:45 bis 20:00 Uhr[\/orane_single_faq][orane_single_faq title=&#8221;Fahrstunden:&#8221;]Jeden Tag, auch Samstags oder<br \/>\nSonntags m\u00f6glich![\/orane_single_faq][\/orane_faqs][\/vc_tta_section][vc_tta_section title=&#8221;A2 Motorrad&#8221; tab_id=&#8221;a2&#8243;][orane_faqs][orane_single_faq title=&#8221;Mindestalter:&#8221;]18 Jahre[\/orane_single_faq][orane_single_faq title=&#8221;Berechtigt zum Lenken von:&#8221;]Motorr\u00e4der bis 35 kW und 0,2 kW\/kg<\/p>\n<p>Dreir\u00e4drige Fahrzeuge bis 15 kW<\/p>\n<p>Landwirtschaftliche Maschinen bis zu 2.500 kg Gesamtgewicht, bis 1,6 m Breite,<br \/>\nbis 4 m L\u00e4nge, 2,5 H\u00f6he und max 40 km\/h[\/orane_single_faq][orane_single_faq title=&#8221;Theoriekurse:&#8221;]\/[\/orane_single_faq][orane_single_faq title=&#8221;Fahrstunden:&#8221;]Jeden Tag, auch Samstags oder<br \/>\nSonntags m\u00f6glich![\/orane_single_faq][\/orane_faqs][\/vc_tta_section][vc_tta_section title=&#8221;A3 Motorrad&#8221; tab_id=&#8221;a3&#8243;][orane_faqs][orane_single_faq title=&#8221;Mindestalter:&#8221;]24 Jahre oder 20 Jahren wenn schon im Besitz von A2 f\u00fcr mind. 2 Jahre[\/orane_single_faq][orane_single_faq title=&#8221;Berechtigt zum Lenken von:&#8221;]Motorr\u00e4der ohne Grenze<\/p>\n<p>Ab 21 Jahren dreir\u00e4drige Kraftr\u00e4der ohne Grenze<\/p>\n<p>Landwirtschaftliche Maschinen bis zu 2.500 kg Gesamtgewicht, bis 1,6 m Breite,<br \/>\nbis 4 m L\u00e4nge, 2,5 H\u00f6he und max 40 km\/h[\/orane_single_faq][orane_single_faq title=&#8221;Theoriekurse:&#8221;]Bruneck:<br \/>\nDienstag 13:30 bis 14:30 Uhr<br \/>\nDonnerstag 13:30 bis 14:30 Uhr<br \/>\nFreitag 18:00 bis 20:00 Uhr<br \/>\nSamstags 17:00 bis 19:00 Uhr<\/p>\n<p>Sand in Taufers:<br \/>\nMontags 17:30 bis 18:45 Uhr<br \/>\nund 18:45 bis 20:00 Uhr<br \/>\nMittwochs 17:30 bis 18:45 Uhr<br \/>\nund 18:45 bis 20:00 Uhr[\/orane_single_faq][orane_single_faq title=&#8221;Fahrstunden:&#8221;]Jeden Tag, auch Samstags oder<br \/>\nSonntags m\u00f6glich![\/orane_single_faq][\/orane_faqs][\/vc_tta_section][vc_tta_section title=&#8221;B&#8221; tab_id=&#8221;b&#8221;][orane_faqs][orane_single_faq title=&#8221;Mindestalter:&#8221;]18 Jahre[\/orane_single_faq][orane_single_faq title=&#8221;Berechtigt zum Lenken von:&#8221;]Personenkraftwagen (auch LKW und Wohnmobile) bis zu 3,5 T, mit maximal 8 Pl\u00e4tzen plus Fahrer und mit einem Leichtanh\u00e4nger bis max. 750 kg<\/p>\n<p>Bis 3,5 T k\u00f6nnen auch Anh\u00e4nger gezogen werden, welche schwerer sind als 750 kg<\/p>\n<p>Nur in ITALIEN: Motorr\u00e4der bis max. 125 cc, 11 kW und 0,1 kW\/kg, dreir\u00e4drige Kraftr\u00e4der bis 15 kW (ab 21 Jahren alle)<\/p>\n<p>Landwirtschaftliche Maschinen, auch Sonderfahrzeuge<\/p>\n<p>Arbeitsmaschinen (au\u00dfer Sonderfahrzeuge)[\/orane_single_faq][orane_single_faq title=&#8221;Theoriekurse:&#8221;]Bruneck:<br \/>\nDienstag 13:30 bis 14:30 Uhr<br \/>\nDonnerstag 13:30 bis 14:30 Uhr<br \/>\nFreitag 18:00 bis 20:00 Uhr<br \/>\nSamstags 17:00 bis 19:00 Uhr<\/p>\n<p>Sand in Taufers:<br \/>\nMontags 17:30 bis 18:45 Uhr<br \/>\nund 18:45 bis 20:00 Uhr<br \/>\nMittwochs 17:30 bis 18:45 Uhr<br \/>\nund 18:45 bis 20:00 Uhr[\/orane_single_faq][orane_single_faq title=&#8221;Fahrstunden:&#8221;]Jeden Tag, auch Samstags oder<br \/>\nSonntags m\u00f6glich![\/orane_single_faq][\/orane_faqs][\/vc_tta_section][vc_tta_section title=&#8221;B1 &#8221; tab_id=&#8221;b11&#8243;][orane_faqs][orane_single_faq title=&#8221;Mindestalter:&#8221;]16 Jahre[\/orane_single_faq][orane_single_faq title=&#8221;Berechtigt zum Lenken von:&#8221;]Vierr\u00e4drige Kraftr\u00e4der bis 400 kg Leergewicht (550 kg f\u00fcr Fahrzeuge f\u00fcr den Warentransport) und bis max. 15 kW<br \/>\n[\/orane_single_faq][orane_single_faq title=&#8221;Theoriekurse:&#8221;]Bruneck:<br \/>\nDienstag 13:30 bis 14:30 Uhr<br \/>\nDonnerstag 13:30 bis 14:30 Uhr<br \/>\nFreitag 18:00 bis 20:00 Uhr<br \/>\nSamstags 17:00 bis 19:00 Uhr<\/p>\n<p>Sand in Taufers:<br \/>\nMontags 17:30 bis 18:45 Uhr<br \/>\nund 18:45 bis 20:00 Uhr<br \/>\nMittwochs 17:30 bis 18:45 Uhr<br \/>\nund 18:45 bis 20:00 Uhr[\/orane_single_faq][orane_single_faq title=&#8221;Fahrstunden:&#8221;]Jeden Tag, auch Samstags oder<br \/>\nSonntags m\u00f6glich![\/orane_single_faq][\/orane_faqs][\/vc_tta_section][vc_tta_section title=&#8221;B96 &#8221; tab_id=&#8221;b96&#8243;][orane_faqs][orane_single_faq title=&#8221;Mindestalter:&#8221;]18 Jahre[\/orane_single_faq][orane_single_faq title=&#8221;Berechtigt zum Lenken von:&#8221;]Schwere Anh\u00e4nger \u00fcber 750 kg f\u00fcr Fahrzeuge der F\u00fchrerscheinklasse B bis zu einem Gesamtgewicht von Auto und Anh\u00e4nger bis max. 4,25 T<br \/>\n[\/orane_single_faq][orane_single_faq title=&#8221;Theoriekurse:&#8221;]Theorievorbereitung wird nach Absprache mit dem Theorielehrer auf Kundenwunsch vereinbart.[\/orane_single_faq][orane_single_faq title=&#8221;Fahrstunden:&#8221;]Jeden Tag, auch Samstags oder<br \/>\nSonntags m\u00f6glich![\/orane_single_faq][\/orane_faqs][\/vc_tta_section][vc_tta_section title=&#8221;BE &#8221; tab_id=&#8221;be&#8221;][orane_faqs][orane_single_faq title=&#8221;Mindestalter:&#8221;]18 Jahre[\/orane_single_faq][orane_single_faq title=&#8221;Berechtigt zum Lenken von:&#8221;]Schwere Anh\u00e4nger (bis 3,5 T) f\u00fcr Fahrzeuge der F\u00fchrerscheinklasse B bis maximal 7 T Gesamtgewicht[\/orane_single_faq][orane_single_faq title=&#8221;Theoriekurse:&#8221;]Bruneck:<br \/>\nDienstag 13:30 bis 14:30 Uhr<br \/>\nDonnerstag 13:30 bis 14:30 Uhr<br \/>\nFreitag 18:00 bis 20:00 Uhr<br \/>\nSamstags 17:00 bis 19:00 Uhr<\/p>\n<p>Sand in Taufers:<br \/>\nMontags 17:30 bis 18:45 Uhr<br \/>\nund 18:45 bis 20:00 Uhr<br \/>\nMittwochs 17:30 bis 18:45 Uhr<br \/>\nund 18:45 bis 20:00 Uhr<\/p>\n<p>Extrastunden vor der Pr\u00fcfung laut Vereinbarung[\/orane_single_faq][orane_single_faq title=&#8221;Fahrstunden:&#8221;]Jeden Tag, auch Samstags oder<br \/>\nSonntags m\u00f6glich![\/orane_single_faq][\/orane_faqs][\/vc_tta_section][vc_tta_section title=&#8221;B CAP&#8221; tab_id=&#8221;bcap&#8221;][orane_faqs][orane_single_faq title=&#8221;Mindestalter:&#8221;]21 Jahre[\/orane_single_faq][orane_single_faq title=&#8221;Berechtigt zum Lenken von:&#8221;]Berufsbef\u00e4higung f\u00fcr Taxi und Mietwagen mit Fahrer[\/orane_single_faq][orane_single_faq title=&#8221;Theoriekurse:&#8221;]Bruneck:<br \/>\nDienstag 13:30 bis 14:30 Uhr<br \/>\nDonnerstag 13:30 bis 14:30 Uhr<br \/>\nFreitag 18:00 bis 20:00 Uhr<br \/>\nSamstags 17:00 bis 19:00 Uhr<\/p>\n<p>Sand in Taufers:<br \/>\nMontags 17:30 bis 18:45 Uhr<br \/>\nund 18:45 bis 20:00 Uhr<br \/>\nMittwochs 17:30 bis 18:45 Uhr<br \/>\nund 18:45 bis 20:00 Uhr<\/p>\n<p>Extrastunden vor der Pr\u00fcfung laut Vereinbarung[\/orane_single_faq][orane_single_faq title=&#8221;Fahrstunden:&#8221;]\/[\/orane_single_faq][\/orane_faqs][\/vc_tta_section][vc_tta_section title=&#8221;D BUS&#8221; tab_id=&#8221;d&#8221;][orane_faqs][orane_single_faq title=&#8221;Mindestalter:&#8221;]24 Jahre[\/orane_single_faq][orane_single_faq title=&#8221;Berechtigt zum Lenken von:&#8221;]Kraftfahrzeuge f\u00fcr den Personentransport (Autobus) mit \u00fcber 8<br \/>\nSitzpl\u00e4tzen plus Fahrer, auch mit Leichtanh\u00e4nger bis 750 kg.<br \/>\nZum Lenken der Autobusse im \u00f6ffentlichen Dienst ist zus\u00e4tzlich der Berufsf\u00fchrerschein erforderlich.[\/orane_single_faq][orane_single_faq title=&#8221;Theoriekurse:&#8221;]Bruneck:<br \/>\nDienstag 13:30 bis 14:30 Uhr<br \/>\nDonnerstag 13:30 bis 14:30 Uhr<br \/>\nFreitag 18:00 bis 20:00 Uhr<br \/>\nSamstags 17:00 bis 19:00 Uhr<\/p>\n<p>Sand in Taufers:<br \/>\nMontags 17:30 bis 18:45 Uhr<br \/>\nund 18:45 bis 20:00 Uhr<br \/>\nMittwochs 17:30 bis 18:45 Uhr<br \/>\nund 18:45 bis 20:00 Uhr<\/p>\n<p>Sonderstunden f\u00fcr die Schwerfahrzeuge nach Vereinbarung<br \/>\n[\/orane_single_faq][orane_single_faq title=&#8221;Fahrstunden:&#8221;]laut Vereinbarung[\/orane_single_faq][\/orane_faqs][\/vc_tta_section][vc_tta_section title=&#8221;D1 Minibus&#8221; tab_id=&#8221;d11&#8243;][orane_faqs][orane_single_faq title=&#8221;Mindestalter:&#8221;]21 Jahre[\/orane_single_faq][orane_single_faq title=&#8221;Berechtigt zum Lenken von:&#8221;]Kraftfahrzeuge f\u00fcr den Personentransport (Autobus) mit \u00fcber 8<br \/>\nSitzpl\u00e4tzen plus Fahrer bis maximal 16 Pl\u00e4tze plus Fahrer und nicht l\u00e4nger als 8 m, auch mit Leichtanh\u00e4nger bis 750 kg.<br \/>\nZum Lenken der Autobusse im \u00f6ffentlichen Dienst ist zus\u00e4tzlich der Berufsf\u00fchrerschein erforderlich.[\/orane_single_faq][orane_single_faq title=&#8221;Theoriekurse:&#8221;]Bruneck:<br \/>\nDienstag 13:30 bis 14:30 Uhr<br \/>\nDonnerstag 13:30 bis 14:30 Uhr<br \/>\nFreitag 18:00 bis 20:00 Uhr<br \/>\nSamstags 17:00 bis 19:00 Uhr<\/p>\n<p>Sand in Taufers:<br \/>\nMontags 17:30 bis 18:45 Uhr<br \/>\nund 18:45 bis 20:00 Uhr<br \/>\nMittwochs 17:30 bis 18:45 Uhr<br \/>\nund 18:45 bis 20:00 Uhr<\/p>\n<p>Sonderstunden f\u00fcr die Schwerfahrzeuge nach Vereinbarung<br \/>\n[\/orane_single_faq][orane_single_faq title=&#8221;Fahrstunden:&#8221;]laut Vereinbarung[\/orane_single_faq][\/orane_faqs][\/vc_tta_section][vc_tta_section title=&#8221;DE&#8221; tab_id=&#8221;ce&#8221;][orane_faqs][orane_single_faq title=&#8221;Mindestalter:&#8221;]24 Jahre[\/orane_single_faq][orane_single_faq title=&#8221;Berechtigt zum Lenken von:&#8221;]Fahrzeuge der Kategorie D mit einem schweren Anh\u00e4nger (\u00fcber 750 kg) und Gelenkbusse[\/orane_single_faq][orane_single_faq title=&#8221;Theoriekurse:&#8221;]Bruneck:<br \/>\nDienstag 13:30 bis 14:30 Uhr<br \/>\nDonnerstag 13:30 bis 14:30 Uhr<br \/>\nFreitag 18:00 bis 20:00 Uhr<br \/>\nSamstags 17:00 bis 19:00 Uhr<\/p>\n<p>Sand in Taufers:<br \/>\nMontags 17:30 bis 18:45 Uhr<br \/>\nund 18:45 bis 20:00 Uhr<br \/>\nMittwochs 17:30 bis 18:45 Uhr<br \/>\nund 18:45 bis 20:00 Uhr<br \/>\nSonderstunden f\u00fcr die Schwerfahrzeuge nach Vereinbarung[\/orane_single_faq][orane_single_faq title=&#8221;Fahrstunden:&#8221;]laut Vereinbarung[\/orane_single_faq][\/orane_faqs][\/vc_tta_section][vc_tta_section title=&#8221;Berufsf\u00fchrerschein Personentransport&#8221; tab_id=&#8221;beruf&#8221;][orane_faqs][orane_single_faq title=&#8221;Mindestalter:&#8221;]18 Jahre bzw. 21 Jahre[\/orane_single_faq][orane_single_faq title=&#8221;Berechtigt zum Lenken von:&#8221;]Zum berufsm\u00e4\u00dfigen Fahren von Fahrzeugen der Kategorie D-DE[\/orane_single_faq][orane_single_faq title=&#8221;Theoriekurse:&#8221;]Kurs nach Vereinbarung[\/orane_single_faq][orane_single_faq title=&#8221;Fahrstunden:&#8221;]\/[\/orane_single_faq][\/orane_faqs][\/vc_tta_section][vc_tta_section title=&#8221;C LKW&#8221; tab_id=&#8221;c&#8221;][orane_faqs][orane_single_faq title=&#8221;Mindestalter:&#8221;]21 Jahre [\/orane_single_faq][orane_single_faq title=&#8221;Berechtigt zum Lenken von:&#8221;]LKW \u00fcber 3,5 T bis maximal 8 Pl\u00e4tze plus Fahrer und einem Leichtanh\u00e4nger bis max. 750 kg[\/orane_single_faq][orane_single_faq title=&#8221;Theoriekurse:&#8221;]Bruneck:<br \/>\nDienstag 13:30 bis 14:30 Uhr<br \/>\nDonnerstag 13:30 bis 14:30 Uhr<br \/>\nFreitag 18:00 bis 20:00 Uhr<br \/>\nSamstags 17:00 bis 19:00 Uhr<\/p>\n<p>Sand in Taufers:<br \/>\nMontags 17:30 bis 18:45 Uhr<br \/>\nund 18:45 bis 20:00 Uhr<br \/>\nMittwochs 17:30 bis 18:45 Uhr<br \/>\nund 18:45 bis 20:00 Uhr<br \/>\nSonderstunden f\u00fcr die Schwerfahrzeuge nach Vereinbarung[\/orane_single_faq][orane_single_faq title=&#8221;Fahrstunden:&#8221;]Laut Vereinbarung[\/orane_single_faq][\/orane_faqs][\/vc_tta_section][vc_tta_section title=&#8221;C1 LKW bis 7,5 t Gesamtgewicht &#8211; AB 18 JAHREN&#8221; tab_id=&#8221;c11&#8243;][orane_faqs][orane_single_faq title=&#8221;Mindestalter:&#8221;]18 Jahre [\/orane_single_faq][orane_single_faq title=&#8221;Berechtigt zum Lenken von:&#8221;]LKW \u00fcber 3,5 T bis maximal 7,5 T und 8 Pl\u00e4tze plus Fahrer und einem Leichtanh\u00e4nger bis max. 750 kg<\/p>\n<p>Sonderarbeitsmaschinen[\/orane_single_faq][orane_single_faq title=&#8221;Theoriekurse:&#8221;]Bruneck:<br \/>\nDienstag 13:30 bis 14:30 Uhr<br \/>\nDonnerstag 13:30 bis 14:30 Uhr<br \/>\nFreitag 18:00 bis 20:00 Uhr<br \/>\nSamstags 17:00 bis 19:00 Uhr<\/p>\n<p>Sand in Taufers:<br \/>\nMontags 17:30 bis 18:45 Uhr<br \/>\nund 18:45 bis 20:00 Uhr<br \/>\nMittwochs 17:30 bis 18:45 Uhr<br \/>\nund 18:45 bis 20:00 Uhr<br \/>\nSonderstunden f\u00fcr die Schwerfahrzeuge nach Vereinbarung[\/orane_single_faq][orane_single_faq title=&#8221;Fahrstunden:&#8221;]Laut Vereinbarung[\/orane_single_faq][\/orane_faqs][\/vc_tta_section][vc_tta_section title=&#8221;CE Lastzug&#8221; tab_id=&#8221;cede&#8221;][orane_faqs][orane_single_faq title=&#8221;Mindestalter:&#8221;]21 Jahre[\/orane_single_faq][orane_single_faq title=&#8221;Berechtigt zum Lenken von:&#8221;]Fahrzeuge der Kategorie C mit einem schweren Anh\u00e4nger \u00fcber 750 kg (Schattelschlepper, Autozug usw.)[\/orane_single_faq][orane_single_faq title=&#8221;Theoriekurse:&#8221;]Bruneck:<br \/>\nDienstag 13:30 bis 14:30 Uhr<br \/>\nDonnerstag 13:30 bis 14:30 Uhr<br \/>\nFreitag 18:00 bis 20:00 Uhr<br \/>\nSamstags 17:00 bis 19:00 Uhr<\/p>\n<p>Sand in Taufers:<br \/>\nMontags 17:30 bis 18:45 Uhr<br \/>\nund 18:45 bis 20:00 Uhr<br \/>\nMittwochs 17:30 bis 18:45 Uhr<br \/>\nund 18:45 bis 20:00 Uhr<br \/>\nSonderstunden f\u00fcr die Schwerfahrzeuge nach Vereinbarung[\/orane_single_faq][orane_single_faq title=&#8221;Fahrstunden:&#8221;]Laut Vereinbarung[\/orane_single_faq][\/orane_faqs][\/vc_tta_section][vc_tta_section title=&#8221;Berufsf\u00fchrerschein Warentransport&#8221; tab_id=&#8221;beruf1&#8243;][orane_faqs][orane_single_faq title=&#8221;Mindestalter:&#8221;]18 Jahre bzw. 21 Jahre[\/orane_single_faq][orane_single_faq title=&#8221;Berechtigt zum Lenken von:&#8221;]Zum berufsm\u00e4\u00dfigen Fahren von Fahrzeugen der Kategorie C-CE[\/orane_single_faq][orane_single_faq title=&#8221;Theoriekurse:&#8221;]Kurs nach Vereinbarung[\/orane_single_faq][orane_single_faq title=&#8221;Fahrstunden:&#8221;]\/[\/orane_single_faq][\/orane_faqs][\/vc_tta_section][\/vc_tta_accordion][\/vc_column][vc_column width=&#8221;1\/3&#8243;][vc_btn title=&#8221;Betreffs der genauen Kosten bitten wir Sie, bei uns in der Fahrschule vorbeizukommen. Wir werden Sie bestimmt zufrieden stellen!&#8221; style=&#8221;custom&#8221; custom_background=&#8221;#ed0000&#8243; custom_text=&#8221;#ffffff&#8221; align=&#8221;right&#8221; i_icon_fontawesome=&#8221;fa fa-paper-plane&#8221; css_animation=&#8221;appear&#8221; button_block=&#8221;true&#8221; add_icon=&#8221;true&#8221; css=&#8221;.vc_custom_1448964035829{margin-left: 10px !important;}&#8221;][vc_btn title=&#8221;In den F\u00fchrerscheinklassen AM, A1, A2, A, B1,B ,C1, C, D1, D ,CE und DE hat unsere Fahrschule immer einen Grossteil aller F\u00fchrerscheinbewerber vom ganzen Pustertal ausgebildet, dadurch haben wir uns in den vergangenen 40 Jahren eine sehr gro\u00dfe Erfahrung und gro\u00dfe Erkenntnisse im Umgang mit allen F\u00fchrerscheinbewerbern und F\u00fchrerscheinklassen angeeignet.&#8221; style=&#8221;custom&#8221; custom_background=&#8221;#ed0000&#8243; custom_text=&#8221;#ffffff&#8221; align=&#8221;right&#8221; i_icon_fontawesome=&#8221;&#8221; css_animation=&#8221;appear&#8221; button_block=&#8221;true&#8221; add_icon=&#8221;true&#8221; css=&#8221;.vc_custom_1605754765204{margin-left: 10px !important;}&#8221;][vc_btn title=&#8221;Fahrstunden f\u00fcr Motorrad oder PKW sind JEDEN Tag m\u00f6glich. Nach Vereinbarung auch Samstag und Sonntag. Wir sind flexibel!&#8221; style=&#8221;custom&#8221; custom_background=&#8221;#ed0000&#8243; custom_text=&#8221;#ffffff&#8221; align=&#8221;right&#8221; i_icon_fontawesome=&#8221;fa fa-paper-plane&#8221; css_animation=&#8221;appear&#8221; button_block=&#8221;true&#8221; add_icon=&#8221;true&#8221; css=&#8221;.vc_custom_1448964386278{margin-left: 10px !important;}&#8221;][vc_separator color=&#8221;juicy_pink&#8221; style=&#8221;dotted&#8221; border_width=&#8221;3&#8243; el_width=&#8221;60&#8243;][vc_media_grid element_width=&#8221;6&#8243; grid_id=&#8221;vc_gid:1605901078574-29167c9c-436b-10&#8243; include=&#8221;2932,2373,1265,2937,1262,1259&#8243;][\/vc_column][\/vc_row][vc_row][vc_column]<section class='section_space'>\r\n                    <div class='container'>\r\n                        <div class='blankspace' style='height:50px;'><\/div>\r\n                    <\/div>\r\n                <\/section>[vc_separator color=&#8221;juicy_pink&#8221; border_width=&#8221;4&#8243;]<section class='section_space'>\r\n                    <div class='container'>\r\n                        <div class='blankspace' style='height:50px;'><\/div>\r\n                    <\/div>\r\n                <\/section>[\/vc_column][\/vc_row]<\/p>\n<\/div>","protected":false},"excerpt":{"rendered":"<p>[vc_row css=&#8221;.vc_custom_1448959878536{padding-left: 10px !important;}&#8221;][vc_column width=&#8221;2\/3&#8243;][vc_tta_accordion style=&#8221;modern&#8221; color=&#8221;juicy-pink&#8221; spacing=&#8221;2&#8243; gap=&#8221;4&#8243; c_icon=&#8221;triangle&#8221; active_section=&#8221;1&#8243; no_fill=&#8221;true&#8221; collapsible_all=&#8221;true&#8221;][vc_tta_section i_icon_fontawesome=&#8221;fa fa-car&#8221; add_icon=&#8221;true&#8221; title=&#8221;Kategorien&#8221; tab_id=&#8221;1449752568028-c1f7aebe-dbe6&#8243;][\/vc_tta_section][vc_tta_section title=&#8221;AM Kleinkraftrad&#8221; tab_id=&#8221;kkr1&#8243;][orane_faqs][orane_single_faq title=&#8221;Mindestalter:&#8221;]14 Jahre[\/orane_single_faq][orane_single_faq title=&#8221;Berechtigt zum Lenken von:&#8221;]Kleinkraftr\u00e4der mit zwei oder drei R\u00e4dern mit bis zu 50 cc und 4 kW und max. 45 km\/h. Vierr\u00e4drige Fahrzeuge mit Leergewicht bis zu 350 kg, 50 cc, 4&#8230;<\/p>\n","protected":false},"author":1,"featured_media":0,"parent":0,"menu_order":0,"comment_status":"closed","ping_status":"closed","template":"","meta":{"footnotes":""},"class_list":["post-1129","page","type-page","status-publish","hentry"],"_links":{"self":[{"href":"https:\/\/fahrschule-bruneck.it\/index.php?rest_route=\/wp\/v2\/pages\/1129","targetHints":{"allow":["GET"]}}],"collection":[{"href":"https:\/\/fahrschule-bruneck.it\/index.php?rest_route=\/wp\/v2\/pages"}],"about":[{"href":"https:\/\/fahrschule-bruneck.it\/index.php?rest_route=\/wp\/v2\/types\/page"}],"author":[{"embeddable":true,"href":"https:\/\/fahrschule-bruneck.it\/index.php?rest_route=\/wp\/v2\/users\/1"}],"replies":[{"embeddable":true,"href":"https:\/\/fahrschule-bruneck.it\/index.php?rest_route=%2Fwp%2Fv2%2Fcomments&post=1129"}],"version-history":[{"count":48,"href":"https:\/\/fahrschule-bruneck.it\/index.php?rest_route=\/wp\/v2\/pages\/1129\/revisions"}],"predecessor-version":[{"id":3091,"href":"https:\/\/fahrschule-bruneck.it\/index.php?rest_route=\/wp\/v2\/pages\/1129\/revisions\/3091"}],"wp:attachment":[{"href":"https:\/\/fahrschule-bruneck.it\/index.php?rest_route=%2Fwp%2Fv2%2Fmedia&parent=1129"}],"curies":[{"name":"wp","href":"https:\/\/api.w.org\/{rel}","templated":true}]}}