{"id":1302,"date":"2015-11-30T07:28:25","date_gmt":"2015-11-30T07:28:25","guid":{"rendered":"http:\/\/s600511469.sito-web-online.it\/?page_id=1302"},"modified":"2020-11-20T20:11:19","modified_gmt":"2020-11-20T20:11:19","slug":"bruneck","status":"publish","type":"page","link":"https:\/\/fahrschule-bruneck.it\/?page_id=1302&lang=de","title":{"rendered":"Hauptsitz Bruneck"},"content":{"rendered":"<div class=\"wpb-content-wrapper\"><p>[vc_row css=&#8221;.vc_custom_1605800692099{background-color: #000000 !important;}&#8221;][vc_column width=&#8221;2\/3&#8243; css=&#8221;.vc_custom_1605902187092{background-color: #000000 !important;}&#8221;][vc_single_image image=&#8221;1303&#8243; img_size=&#8221;large&#8221; alignment=&#8221;center&#8221; css_animation=&#8221;appear&#8221; css=&#8221;.vc_custom_1605902527185{background-color: #000000 !important;}&#8221;][vc_media_grid grid_id=&#8221;vc_gid:1605903067375-8734ddb9-9fde-2&#8243; include=&#8221;996,998,1031&#8243;][vc_empty_space height=&#8221;135px&#8221; css=&#8221;.vc_custom_1605903051382{background-color: #000000 !important;}&#8221;][vc_empty_space height=&#8221;132px&#8221; css=&#8221;.vc_custom_1605903077362{background-color: #000000 !important;}&#8221;][\/vc_column][vc_column width=&#8221;1\/3&#8243; css=&#8221;.vc_custom_1605902268502{background-color: #000000 !important;}&#8221;][vc_column_text css_animation=&#8221;top-to-bottom&#8221; css=&#8221;.vc_custom_1605902933029{background-color: #000000 !important;}&#8221;]<\/p>\n<h2 style=\"padding-left: 30px; text-align: center;\"><span style=\"color: #ff6600;\"><strong><span style=\"font-family: Arial;\"><span class=\"style10\">Adresse:<\/span><\/span><\/strong><\/span><\/h2>\n<p style=\"padding-left: 30px; text-align: center;\"><span style=\"color: #ffffff;\"><span class=\"style10\"><span style=\"font-family: Arial;\">Romstrasse Nr. 5<\/span><\/span><strong><span class=\"style10\"><span style=\"font-family: Arial;\"><br \/>\n<span style=\"text-decoration: underline;\">39031 Bruneck (BZ)<\/span><br \/>\n<\/span><\/span><\/strong><em>(<strong>gegen\u00fcber<\/strong><span class=\"style10\"><strong><span style=\"font-family: Arial;\"> vom City Caf\u00e9)<\/span><\/strong><\/span><\/em><\/span><\/p>\n<p style=\"padding-left: 30px;\"><strong><span style=\"font-family: Arial;\"><u><span style=\"color: #ff0000;\"><span class=\"style15\">Die \u00d6ffnungszeiten:<\/span><\/span><\/u><\/span><\/strong><\/p>\n<p style=\"padding-left: 30px;\"><span style=\"color: #ffffff;\">Montag bis Freitag:<\/span><br \/>\n<span style=\"color: #ffffff;\">Vormittags von 09:00 bis 12:00 Uhr<\/span><br \/>\n<span style=\"color: #ffffff;\">Nachmittags von 13:30 bis 19:00 Uhr<\/span><br \/>\n<span style=\"color: #ffffff;\">Samstags Fahrstunden m\u00f6glich und Theorieunterricht von 17.00 &#8211; 19.00 Uhr &#8211; B\u00fcro nach vorhergehender telefonischer Termingebung auch Samstags<\/span><\/p>\n<p style=\"padding-left: 30px;\"><strong><span style=\"font-family: Arial;\"><u><span style=\"color: #ff0000;\"><span class=\"style15\">Dauernd erreichbar unter:<\/span><br \/>\n<\/span><\/u> <span style=\"color: #ffffff;\">Tel.: 0474 55 50 50 \u00a0 \u00a0 \u00a0 \u00a0 \u00a0 \u00a0 \u00a0 \u00a0&#8211; Stauder Stefanie &#8211;<\/span> <span style=\"color: #ff0000;\">Sekretariat<\/span><\/span><\/strong><\/p>\n<p style=\"padding-left: 30px;\"><strong><span style=\"color: #ffffff;\">Mobil: 3929481393 \u00a0 \u00a0 \u00a0 \u00a0 \u00a0 \u00a0 \u00a0 \u00a0 \u00a0 \u00a0 \u00a0 \u00a0&#8211; <\/span><span style=\"font-family: Arial;\"><span style=\"color: #ffffff;\">Stauder Stefanie &#8211;<\/span>\u00a0<\/span><span style=\"color: #ff0000;\">Sekretariat\u00a0<\/span><\/strong><\/p>\n<p style=\"padding-left: 30px;\"><strong><span style=\"font-family: Arial;\"><span style=\"color: #ffffff;\">Tel. Mobil: 366 36 14 177 \u00a0 \u00a0 &#8211; Jungmann Hannes &#8211;<\/span> <span style=\"color: #ff0000;\">Gesch\u00e4ftsf\u00fchrer<\/span><\/span><br \/>\n<span style=\"font-family: Arial;\"><span style=\"color: #ffffff;\">Tel. Mobil: 349 22 06 799 \u00a0 \u00a0 &#8211; \u00a0 \u00a0Jungmann Paul \u00a0 &#8211;<\/span> <\/span><span style=\"color: #ff0000;\">Gesellschafter<\/span><br \/>\n<span style=\"font-family: Arial;\"><span style=\"color: #ffffff;\">Tel. Mobil: 0474 555050 \u00a0 \u00a0 &#8211; \u00a0 \u00a0Putzer Raimund \u00a0 &#8211;<\/span> <\/span><span style=\"color: #ff0000;\">Fahrlehrer<\/span><\/strong><\/p>\n<p>[\/vc_column_text][vc_gmaps link=&#8221;#E-8_JTNDaWZyYW1lJTIwc3JjJTNEJTIyaHR0cHMlM0ElMkYlMkZ3d3cuZ29vZ2xlLmNvbSUyRm1hcHMlMkZlbWJlZCUzRnBiJTNEJTIxMW0xOCUyMTFtMTIlMjExbTMlMjExZDI3MzEuNDU0NTg1OTI2OTQzJTIxMmQxMS45MzA3NTAzMTU1OTk4NSUyMTNkNDYuNzk1MzUwNjUxNjU2NTMlMjEybTMlMjExZjAlMjEyZjAlMjEzZjAlMjEzbTIlMjExaTEwMjQlMjEyaTc2OCUyMTRmMTMuMSUyMTNtMyUyMTFtMiUyMTFzMHg0Nzc4MjAyZjg4NjZjM2ExJTI1M0EweDVkZGVmMzNmMGEwZjU4NDElMjEyc1JvbXN0cmElMjVDMyUyNTlGZSUyNTJDJTJCNSUyNTJDJTJCMzkwMzElMkJCcnVuZWNrJTI1MkMlMkJCb3plbiUyMTVlMCUyMTNtMiUyMTFzZGUlMjEyc2l0JTIxNHYxNDQ3ODU0ODgyODIxJTIyJTIwd2lkdGglM0QlMjI2MDAlMjIlMjBoZWlnaHQlM0QlMjI0NTAlMjIlMjBmcmFtZWJvcmRlciUzRCUyMjAlMjIlMjBzdHlsZSUzRCUyMmJvcmRlciUzQTAlMjIlMjBhbGxvd2Z1bGxzY3JlZW4lM0UlM0MlMkZpZnJhbWUlM0U=&#8221; size=&#8221;175&#8243;][\/vc_column][\/vc_row]<\/p>\n<\/div>","protected":false},"excerpt":{"rendered":"<p>[vc_row css=&#8221;.vc_custom_1605800692099{background-color: #000000 !important;}&#8221;][vc_column width=&#8221;2\/3&#8243; css=&#8221;.vc_custom_1605902187092{background-color: #000000 !important;}&#8221;][vc_single_image image=&#8221;1303&#8243; img_size=&#8221;large&#8221; alignment=&#8221;center&#8221; css_animation=&#8221;appear&#8221; css=&#8221;.vc_custom_1605902527185{background-color: #000000 !important;}&#8221;][vc_media_grid grid_id=&#8221;vc_gid:1605903067375-8734ddb9-9fde-2&#8243; include=&#8221;996,998,1031&#8243;][vc_empty_space height=&#8221;135px&#8221; css=&#8221;.vc_custom_1605903051382{background-color: #000000 !important;}&#8221;][vc_empty_space height=&#8221;132px&#8221; css=&#8221;.vc_custom_1605903077362{background-color: #000000 !important;}&#8221;][\/vc_column][vc_column width=&#8221;1\/3&#8243; css=&#8221;.vc_custom_1605902268502{background-color: #000000 !important;}&#8221;][vc_column_text css_animation=&#8221;top-to-bottom&#8221; css=&#8221;.vc_custom_1605902933029{background-color: #000000 !important;}&#8221;] Adresse: Romstrasse Nr. 5 39031 Bruneck (BZ) (gegen\u00fcber vom City Caf\u00e9) Die \u00d6ffnungszeiten: Montag bis Freitag: Vormittags von 09:00 bis 12:00 Uhr&#8230;<\/p>\n","protected":false},"author":1,"featured_media":0,"parent":7,"menu_order":0,"comment_status":"closed","ping_status":"closed","template":"","meta":{"footnotes":""},"class_list":["post-1302","page","type-page","status-publish","hentry"],"_links":{"self":[{"href":"https:\/\/fahrschule-bruneck.it\/index.php?rest_route=\/wp\/v2\/pages\/1302","targetHints":{"allow":["GET"]}}],"collection":[{"href":"https:\/\/fahrschule-bruneck.it\/index.php?rest_route=\/wp\/v2\/pages"}],"about":[{"href":"https:\/\/fahrschule-bruneck.it\/index.php?rest_route=\/wp\/v2\/types\/page"}],"author":[{"embeddable":true,"href":"https:\/\/fahrschule-bruneck.it\/index.php?rest_route=\/wp\/v2\/users\/1"}],"replies":[{"embeddable":true,"href":"https:\/\/fahrschule-bruneck.it\/index.php?rest_route=%2Fwp%2Fv2%2Fcomments&post=1302"}],"version-history":[{"count":42,"href":"https:\/\/fahrschule-bruneck.it\/index.php?rest_route=\/wp\/v2\/pages\/1302\/revisions"}],"predecessor-version":[{"id":3133,"href":"https:\/\/fahrschule-bruneck.it\/index.php?rest_route=\/wp\/v2\/pages\/1302\/revisions\/3133"}],"up":[{"embeddable":true,"href":"https:\/\/fahrschule-bruneck.it\/index.php?rest_route=\/wp\/v2\/pages\/7"}],"wp:attachment":[{"href":"https:\/\/fahrschule-bruneck.it\/index.php?rest_route=%2Fwp%2Fv2%2Fmedia&parent=1302"}],"curies":[{"name":"wp","href":"https:\/\/api.w.org\/{rel}","templated":true}]}}