{"id":1435,"date":"2015-12-04T18:11:46","date_gmt":"2015-12-04T18:11:46","guid":{"rendered":"http:\/\/s600511469.sito-web-online.it\/?page_id=1435"},"modified":"2020-11-19T03:31:14","modified_gmt":"2020-11-19T03:31:14","slug":"20-jahre-werkstatterfahrung","status":"publish","type":"page","link":"https:\/\/fahrschule-bruneck.it\/?page_id=1435&lang=de","title":{"rendered":"20 Jahre Werkstatterfahrung"},"content":{"rendered":"<div class=\"wpb-content-wrapper\"><p>[vc_row][vc_column css=&#8221;.vc_custom_1605756613410{background-color: #000000 !important;}&#8221;][vc_custom_heading text=&#8221;- WIR WISSEN AUF WAS ES ANKOMMT!&#8221; font_container=&#8221;tag:h2|font_size:30|text_align:left|color:%23ffffff&#8221; google_fonts=&#8221;font_family:Dosis%3A200%2C300%2Cregular%2C500%2C600%2C700%2C800|font_style:400%20regular%3A400%3Anormal&#8221;]<section class='seo-2' style='background-image:url(https:\/\/fahrschule-bruneck.it\/wp-content\/plugins\/orane_core\/images\/pattern\/10.png);'>\r\n                    <div class='container'>\r\n                        <div class='col-md-7 wow fadeIn' data-wow-duration='1s' data-wow-delay='.6s'>\r\n                            <img loading=\"lazy\" decoding=\"async\" width=\"640\" height=\"295\" src=\"https:\/\/fahrschule-bruneck.it\/wp-content\/uploads\/2015\/12\/1-2.jpg\" class=\"attachment-full size-full\" alt=\"\" srcset=\"https:\/\/fahrschule-bruneck.it\/wp-content\/uploads\/2015\/12\/1-2.jpg 640w, https:\/\/fahrschule-bruneck.it\/wp-content\/uploads\/2015\/12\/1-2-300x138.jpg 300w\" sizes=\"auto, (max-width: 640px) 100vw, 640px\" \/>\r\n                        <\/div>\r\n                        \r\n                        <div class='col-md-5 wow fadeInRight' data-wow-duration='1s' data-wow-delay='.6s'>\r\n                            <h2>Unn\u00f6tige Folgereparaturkosten vermeiden - Wir wissen wie es geht! <span class='color'>THINK OUTSIDE THE BOX<\/span><\/h2>\r\n                            <p>Aufgrund dessen, dass wir 20 Jahre eine eigene Reparaturwerkstatt gef\u00fchrt haben, wissen wir ganz genau auf was es bei der Bedienung eines Fahrzeuges ankommt, um unn\u00f6tige und immer wiederkehrende Reparaturkosten zu minimieren.<\/p>\n<p>Die TOYOTA Werkst\u00e4tte in Bruneck (vorher eigene LANCIA Werkstatt) gibt es nun seit vielen Jahrzehnten und wird nun bereits seit langem von Jungmann Christian und seinem hervorragendem TEAM TOYOTA weitergef\u00fchrt. Wir erhalten dadurch st\u00e4ndig neuen Input \u00fcber aktuelle wichtige Informationen und sind dadurch immer UP TO DATE!<\/p>\n<p>\u00dcberzeugt euch selbst davon.<\/p>\n<p>WIR LERNEN EUCH RICHTIG FAHREN! THINK OUTSIDE THE BOX!<\/p>\r\n                            <a class='btn-1' href='http:\/\/s600511469.sito-web-online.it\/de\/kontakt'><i class='fa fa-arrow-circle-right '><\/i> JETZT ANMELDEN!<\/a>\r\n                        <\/div>\r\n                    <\/div>\r\n                <\/section><section class='section_space'>\r\n                    <div class='container'>\r\n                        <div class='blankspace' style='height:40px;'><\/div>\r\n                    <\/div>\r\n                <\/section>[vc_media_grid element_width=&#8221;3&#8243; grid_id=&#8221;vc_gid:1605756649161-88e8ce18-8201-7&#8243; include=&#8221;2194,2196,2204&#8243;][\/vc_column][\/vc_row]<\/p>\n<\/div>","protected":false},"excerpt":{"rendered":"<p>[vc_row][vc_column css=&#8221;.vc_custom_1605756613410{background-color: #000000 !important;}&#8221;][vc_custom_heading text=&#8221;- WIR WISSEN AUF WAS ES ANKOMMT!&#8221; font_container=&#8221;tag:h2|font_size:30|text_align:left|color:%23ffffff&#8221; google_fonts=&#8221;font_family:Dosis%3A200%2C300%2Cregular%2C500%2C600%2C700%2C800|font_style:400%20regular%3A400%3Anormal&#8221;][vc_media_grid element_width=&#8221;3&#8243; grid_id=&#8221;vc_gid:1605756649161-88e8ce18-8201-7&#8243; include=&#8221;2194,2196,2204&#8243;][\/vc_column][\/vc_row]<\/p>\n","protected":false},"author":1,"featured_media":0,"parent":0,"menu_order":0,"comment_status":"closed","ping_status":"closed","template":"","meta":{"footnotes":""},"class_list":["post-1435","page","type-page","status-publish","hentry"],"_links":{"self":[{"href":"https:\/\/fahrschule-bruneck.it\/index.php?rest_route=\/wp\/v2\/pages\/1435","targetHints":{"allow":["GET"]}}],"collection":[{"href":"https:\/\/fahrschule-bruneck.it\/index.php?rest_route=\/wp\/v2\/pages"}],"about":[{"href":"https:\/\/fahrschule-bruneck.it\/index.php?rest_route=\/wp\/v2\/types\/page"}],"author":[{"embeddable":true,"href":"https:\/\/fahrschule-bruneck.it\/index.php?rest_route=\/wp\/v2\/users\/1"}],"replies":[{"embeddable":true,"href":"https:\/\/fahrschule-bruneck.it\/index.php?rest_route=%2Fwp%2Fv2%2Fcomments&post=1435"}],"version-history":[{"count":17,"href":"https:\/\/fahrschule-bruneck.it\/index.php?rest_route=\/wp\/v2\/pages\/1435\/revisions"}],"predecessor-version":[{"id":2994,"href":"https:\/\/fahrschule-bruneck.it\/index.php?rest_route=\/wp\/v2\/pages\/1435\/revisions\/2994"}],"wp:attachment":[{"href":"https:\/\/fahrschule-bruneck.it\/index.php?rest_route=%2Fwp%2Fv2%2Fmedia&parent=1435"}],"curies":[{"name":"wp","href":"https:\/\/api.w.org\/{rel}","templated":true}]}}